 h?
6
Let c = -238 - -242. Suppose -2*x - 4 = 6, y - c*x - 513 = 0. What is the tens digit of y?
9
Let k be ((-30)/((-4)/(-4)) - -3)*3. Let o = -33 - k. What is the units digit of ((-1)/2)/((-3)/o)?
8
Let h(i) = -i**2 - 21*i - 4. Let t be h(-16). Suppose -t*w - 18 = -78*w. Suppose -5*m + 347 = -w*f + 13*f, -m = 3*f - 263. What is the tens digit of f?
8
Suppose -4*g - 3*b = -6*g - 12, 2*g + 3*b = -36. What is the tens digit of ((-80)/g)/(-2)*-60?
0
Let q(s) = s**3 + 65*s**2 + 47*s - 1546. What is the tens digit of q(-63)?
3
Let j(x) = 10*x - 25. Let h be j(4). What is the tens digit of h/(-25) - 13/((-455)/9016)?
5
Let r(x) = -x**3 + 9*x**2 - 9*x - 32. Let g be r(-4). Let y = 298 - g. What is the units digit of y?
6
Suppose 200*c + 10 = 205*c. Suppose c*q = -0*h - 2*h + 238, -4*q + 240 = 2*h. What is the tens digit of h?
1
Let m be 508340/(-238) - ((-4)/34)/(-1). What is the tens digit of (-4)/10*(11 + m - 10)?
5
Let v(a) = a. Let i(s) = 135*s + 1. Let g(x) = -i(x) - 4*v(x). Let q be g(1). What is the tens digit of (-4)/(-14) - 5/(q/1504)?
5
What is the tens digit of (-2)/(-20) - 13904592/(-2080)?
8
Let u(q) = -2*q**2 - 16*q + 20. Let j be u(-9). Suppose -2*y = -3*x - 846, -3*x = -j*y - 4*x + 830. What is the hundreds digit of y?
4
Suppose 6*o - 3*o + 9 = 0, 5*r - 3*o = 34. Suppose 12*z - 2*x + 744 = 14*z, r = -5*x. What is the hundreds digit of z?
3
Suppose 2*s - 1297 = 4*f - 19471, f - 4542 = -s. What is the tens digit of f?
4
Let u be ((4653/6)/1)/((-2)/(-8)). Let t = u + -1441. What is the hundreds digit of t?
6
Let y(r) = -r**3 - 16*r**2 - 302*r - 170. What is the thousands digit of y(-33)?
8
Suppose 12*r + 0*r = 0. Suppose r = -2*w - 221 + 2341. Suppose 6*f + 4*f - w = 0. What is the units digit of f?
6
Let f(d) = 2*d**2 - 16*d. Let i be f(-6). Let j(h) = -h**3 - h**2 + h - 3. Let t be j(3). What is the tens digit of ((-60)/2)/(t/i)?
4
Suppose -2*h + 3*v = 6*v - 5, 4*v = -20. Let x(i) = 17*i**2 - 71*i + 9. What is the hundreds digit of x(h)?
9
Suppose -5*k - 2597 = -812. Let i = 1115 + k. What is the units digit of i?
8
Let j(g) = 137*g - 25. What is the thousands digit of j(30)?
4
Let s = -2654 + 5091. Suppose 1358 + s = 15*f. What is the tens digit of f?
5
What is the ten thousands digit of 137511/4 + 6/(28 + -4)?
3
Let s = -31 + 34. Suppose -115 = s*t + 701. What is the hundreds digit of 4 - (t + (0 - 1))?
2
Let o = -74 - -60. Let b = o + 27. Suppose b*r - 10*r - 33 = 0. What is the tens digit of r?
1
Let t be 0 - (2 + -2 + -2) - 17. Let d = 17 + t. Suppose -2*h + 0*x + 375 = 3*x, d = -2*x. What is the hundreds digit of h?
1
Let b be (-605)/(-33) - (-2)/3 - -4. Suppose 29*r - b*r = 4860. What is the units digit of r?
0
Suppose -4*c - 3923 = -5*d, d + 962 = -c - 12. What is the hundreds digit of c/(6 + -6 + -1)?
9
Let t be (-5 + 7)*(0 - -1). Let o = -156 - t. What is the tens digit of (o/4)/(33/(-66))?
7
Let c(x) = -16*x - 110. Let p be c(-11). Let g be (-28)/(-35)*(-45)/(-2). Suppose -p = -g*n + 15*n. What is the units digit of n?
2
Suppose -5*r + 660 = -5*n, 3*n - 5*r = 33 - 435. Let c = 128 + n. What is the units digit of -2 - c - -174*(3 + -2)?
3
Let k(t) = -3*t - 23. Let n = 27 - 38. Let s be k(n). Suppose 140 = s*d - 8*d. What is the units digit of d?
0
Suppose 37*z - 188881 = 16529 + 125148. What is the units digit of z?
4
Let x(k) = 1122*k**2 + 134*k + 676. What is the thousands digit of x(-5)?
8
Let v(t) = -4*t**3 + 5*t**2 - 30*t - 323. What is the hundreds digit of v(-12)?
6
Suppose 0 = -4*z + 2*z - 10, 0 = -i + 2*z - 25. Let m(b) = -6*b - 29. What is the hundreds digit of m(i)?
1
Let u(h) = -86*h + 657. What is the thousands digit of u(-27)?
2
Let r(b) = 7 - 43*b + 98*b + b**2 - 47*b. Let c be r(-7). Suppose 79 = 3*s + 5*z, c = -2*s + z + 6 + 51. What is the tens digit of s?
2
Let g(v) be the first derivative of v**4/4 + 2*v**3 + 2*v**2 - 16*v + 105. What is the units digit of g(5)?
9
Let g = -9758 + 11620. What is the tens digit of g?
6
Let p(w) = -74*w + 37711. What is the hundreds digit of p(0)?
7
Suppose -q - 595 + 599 = 0. Suppose -2594 = -5*h + 3*k, -6*k + 2078 = q*h - 7*k. What is the tens digit of h?
2
Let n(u) = 2*u**2 - 10*u - 4. Let l = -63 - -63. Suppose -33 = 4*m - j - l*j, -3*m = 5*j - 4. What is the tens digit of n(m)?
6
Let v(a) = 4*a**3 - 6*a**2 + 3*a + 11. Let w(l) = -l**2 + 2*l + 12. Let c be w(4). What is the units digit of v(c)?
3
Suppose 47*l - 6*l - 97873 = -56*l. What is the hundreds digit of l?
0
Let d(q) = 33*q**2 - 11*q - 32. Let p = -443 - -439. What is the units digit of d(p)?
0
Suppose 2*n + 744 = 4*l, -5*l + 3*n = -4*l - 196. Let j be 10/2 - 0/14. Suppose -j*w = -l - 1. What is the units digit of w?
7
Suppose 13*t - 28*t = -38595. What is the units digit of t?
3
Let x be -30*(17/(-3) - 56/(-42)). Suppose t = 174 + x. What is the tens digit of t?
0
Suppose -3*a - 14 = -5*f, -2*a = 14*f - 12*f - 12. Suppose a*g + 911 - 141 = 0. What is the tens digit of g*4*3/(-30)?
5
Suppose -5*h + l = -47030, 288*h + 4*l = 285*h + 28241. What is the tens digit of h?
0
What is the hundreds digit of (-91512)/(-20) + 18/(-495)*-11?
5
Suppose 7*y + 4*l - 10481 = 6*l, 0 = -3*y + 5*l + 4496. What is the tens digit of y?
9
Let c = -37432 + 74024. What is the tens digit of c?
9
Let o(y) = 130*y**2 + 7*y + 8. Let m be o(-4). Suppose -m = -9*d + 1963. What is the hundreds digit of d?
4
Let p(x) = 8*x**2 - 30*x + 19. Suppose -11 = 11*j - 12*j. What is the hundreds digit of p(j)?
6
Let j(n) = n**2 + 89*n - 1239. What is the hundreds digit of j(48)?
3
Let t = 231 - 228. Suppose t*i = -5*u + 1729, u - 5*i - 1745 = -4*u. What is the units digit of u?
7
Suppose 0 = -209*v + 16*v + 152277. What is the tens digit of v?
8
Suppose -3*i + d + 3368 = -d, -4*d + 1132 = i. Suppose 7*h - 11*h + i = 0. What is the hundreds digit of h?
2
Let r(c) = -214*c + 1081. What is the hundreds digit of r(-46)?
9
What is the units digit of (246/(-4))/(26810/(-13384) - -2)?
8
Let r(b) = -438*b - 749. What is the tens digit of r(-16)?
5
Let t(v) = -205*v - 72. Suppose -26*d = -24*d + 10. What is the tens digit of t(d)?
5
Suppose -2*v + 2*l + 2016 = 0, 5*v - 317 - 4747 = l. What is the units digit of v?
4
Suppose 9473 = 123*b - 38021 - 32948. What is the units digit of b?
4
Let y(g) = -57*g + 136. Let o(n) = 28*n - 68. Let x(r) = 10*o(r) + 4*y(r). What is the tens digit of x(14)?
9
Let m(k) = 360*k + 8353. What is the units digit of m(98)?
3
Suppose 0 = -u - 5*u + 96. Suppose -u*y + 1215 = -15*y. Suppose -24*r + y = -19*r. What is the tens digit of r?
4
Let f = -35 + 39. Suppose -x - 3 = 5*y - 0*x, f*y + 4*x + 12 = 0. Suppose 659 = 5*j - y*d + d, 0 = -j - 2*d + 130. What is the tens digit of j?
3
Suppose r - 5*j - 197 = 0, -5 = -3*j + 1. Let n = r + 136. Let v = n + -168. What is the hundreds digit of v?
1
Suppose -3*m - 204536 = -5*u, 4*u - 4*m - 131159 - 32457 = 0. What is the ten thousands digit of u?
4
What is the hundreds digit of -2 + (1/2)/(227/31502606)?
3
Let k(j) = 288*j**2 - 52*j + 14. What is the ten thousands digit of k(-9)?
2
Suppose 0 = 108*c - 106*c - 10. Suppose 2*t = -c*o - 3, -2*o - 6 = 2*t - 0. What is the tens digit of o - 0 - 5/(-5)*47?
4
Let i(p) = -5*p - 174 - 2*p + 354 + 11*p**3 + 4*p**2 - 176. What is the hundreds digit of i(3)?
3
Let t(j) = -145*j + 233. What is the tens digit of t(-14)?
6
Let a = 240 - 235. Suppose -x - v + 254 = -0*x, a*v = -2*x + 520. What is the tens digit of x?
5
Suppose -29*a + 32*a = -g + 38660, -3*g = -2*a - 116013. What is the units digit of g?
9
Suppose 0 = -3*p + o + 50803, -p - 2*o = -o - 16941. What is the ten thousands digit of p?
1
Suppose 7*d - 4*m - 246 = -0*m, 3*m + 74 = 2*d. Suppose -d*a + 1999 = 367. What is the tens digit of a?
4
Let j(s) = 40*s - 53. Let d(n) = n**3 + 6*n**2 + 7*n + 1. Let a be d(-3). What is the hundreds digit of j(a)?
2
Suppose -2*j = -2*d + 15084, -35*j + 33*j = 2*d - 15072. What is the thousands digit of d?
7
Let m(t) = 18*t**3 + 3*t**2 + 2*t - 4. Let g be m(1). Suppose g*y - 8932 = 15369. What is the hundreds digit of y?
2
Suppose 4*b - 5*b + 25 = 4*u, 5*u = 2*b - 11. Let l = 25 + b. Suppose -l = -7*q + 25. What is the units digit of q?
9
Suppose 4*z - 110 - 350 = 0. Suppose 0 = 3*m - 5*f - 260, -3*f = 4*m - 222 - z. Let r = 120 - m. What is the tens digit of r